late the greatest common divisor of 8 and j.
8
Suppose -4 + 8 = h + g, 4*g = 0. Suppose -u = -5*p + 193, -p + u - h*u + 45 = 0. What is the greatest common divisor of 13 and p?
13
Let s = 17 - -2. Let j be (-77 + 1 + 0)*-1. What is the highest common factor of j and s?
19
Let n(p) = -12*p - 18. Suppose -k - 45 = 4*k. Let s be n(k). What is the greatest common factor of 18 and s?
18
Suppose 2*s - 7 = 9. Suppose 0 = 5*m - 32 - s. Calculate the highest common divisor of m and 2.
2
Suppose 44 = 2*x - 22. Suppose m + 14 = 3*m. Suppose 2*d - 4*s + 122 = m*d, 5*d - 4*s - 98 = 0. What is the greatest common divisor of x and d?
11
Let g(j) = -4*j**3 + j. Let m be g(-1). Let v be 6/4*16/6. Suppose -i - v*z + 15 = -8*z, i + 4*z = -9. Calculate the highest common divisor of i and m.
3
Suppose -2*c = -119 + 11. Let t(p) = -p**2 - 9*p - 2. Let n be t(-6). Let m = n + 2. Calculate the highest common factor of m and c.
18
Let k be 4/6 - ((-171)/27 + 3). What is the highest common factor of k and 52?
4
Suppose 25 = 4*v + l, 0 = 3*v + 4*l - 0*l - 9. Let b(z) = -z**2 + 10*z - 1. Let o be b(v). Calculate the greatest common divisor of o and 50.
10
Let m = 258 - 150. Calculate the greatest common divisor of 12 and m.
12
Let j = -72 - -118. What is the greatest common factor of j and 69?
23
Let m be (-21*20/(-350))/((-1)/(-100)). Let z be 97/4 + 1/(-4). Calculate the greatest common factor of z and m.
24
Suppose -4*f - 2 = -6, -4*f = -2*i + 16. What is the greatest common factor of 10 and i?
10
Suppose -b = 3 - 7. What is the highest common divisor of 8 and b?
4
Suppose -63 = 3*d - 6*d. Suppose -6*o - 672 = -10*o. What is the highest common divisor of d and o?
21
Suppose 4*a + 15 = a, 2*n - 40 = 2*a. What is the highest common factor of 5 and n?
5
Let g = 51 - -29. Suppose 2*i = -y + 63, 4*y + 5 = -y. What is the highest common divisor of g and i?
16
Suppose -2*d + 24 = -5*c, -c - 8 = -4*d + 2*d. Let t be (-264)/18*(-18)/d. Calculate the highest common divisor of 12 and t.
12
Let f = -240 - -23. Let z = -112 - f. Let i be (2*-2 - 1)*-3. What is the greatest common divisor of i and z?
15
Suppose 5*c - 22 - 16 = -g, g + c - 30 = 0. What is the greatest common divisor of g and 56?
28
Let q = -14 - -53. Suppose 2*d = -6, -3*d = -0*w + 4*w - q. Calculate the highest common divisor of w and 132.
12
Let d be ((-16)/(-10))/(1/5). Let b = 88 + -16. Calculate the highest common divisor of d and b.
8
Suppose 2*p - 22 = -0*p. What is the greatest common divisor of 88 and p?
11
Let q = -1 + 18. Let c = -7 + q. Suppose 0 = -2*z - c, 3*z + 21 = 5*j - 4*j. Calculate the highest common divisor of j and 42.
6
Let y be 537/9 + (-1)/(-3). What is the highest common factor of 48 and y?
12
Let y(m) = 2*m + 1. Let n be y(8). Suppose 103 = 3*l - n. Calculate the highest common divisor of 100 and l.
20
Let u = 3 + -2. Let w = -2 + u. Let j be w - 5*(-5)/1. What is the highest common divisor of 60 and j?
12
Let x be ((-2)/(-4))/(2/32). Let u(a) = -a - 12. Let s(l) = l + 1. Let v(c) = -2*s(c) - u(c). Let j be v(x). Calculate the highest common divisor of 3 and j.
1
Let q(t) be the second derivative of -t**4/12 - 4*t**3/3 + t**2 + t. Let w be q(-8). Suppose -2*y + w + 2 = 0. What is the highest common factor of 22 and y?
2
Let z = 17 - -71. What is the highest common factor of 11 and z?
11
Let n(o) = -o**2 - 8*o + 2. Let c = -19 + 13. Let z be n(c). Calculate the greatest common factor of z and 2.
2
Let w be (-1)/(-4) - 4/16. Let u be 102/1 + (-2 - w). Suppose 0*c - 130 = -5*c + t, -5*t = 5*c - u. What is the greatest common factor of c and 5?
5
Suppose 17*j = 18*j - 3*p + 3, 2*j - 19 = p. What is the greatest common divisor of j and 8?
4
Let q be (-532)/(-42) + 1/3. What is the greatest common factor of 13 and q?
13
Let a(y) = 6*y. Let i be a(1). Let q = i - 5. What is the greatest common factor of q and 7?
1
Let j(i) = -i - 3. Let p be j(-4). Let a = 19 + p. Calculate the greatest common divisor of 8 and a.
4
Let w be (-49)/(-4) + 2/(-8). Let z be 15/9 - (-1)/3. Suppose -29 = z*s - 197. What is the greatest common factor of w and s?
12
Let r = -11 + 23. Calculate the greatest common divisor of r and 132.
12
Let t be 1 - ((-264)/(-3))/(-2). Suppose 0 = 5*x + 5*n - t, -12 = -3*x - n + 3*n. What is the highest common divisor of 3 and x?
3
Suppose -184 = -r - 4*a, 0*r - 176 = -r + 4*a. Calculate the greatest common divisor of 20 and r.
20
Let j be (-3)/6*(0 + 0). Suppose j = z - 17 + 5. Calculate the highest common factor of 12 and z.
12
Suppose -5*a - 128 + 443 = 0. What is the greatest common divisor of 9 and a?
9
Let h(d) = d**2 - 14*d - 2. Let u be h(18). What is the highest common divisor of 28 and u?
14
Suppose 38*b - 31*b = 98. Calculate the highest common factor of 35 and b.
7
Suppose 4*n + 0 + 8 = 0. Let b be (3/2)/(n/(-40)). Let g = -6 + 12. What is the greatest common factor of g and b?
6
Suppose q - 28 = -b + 34, -b - 3*q + 72 = 0. What is the greatest common divisor of 19 and b?
19
Suppose -4*c - h - 4*h + 116 = 0, -87 = -3*c - 5*h. Suppose 5*s = 181 + c. Calculate the greatest common divisor of 14 and s.
14
Let x(p) = 4*p**2 + 7*p + 7. Let s(g) = -11*g**2 - 20*g - 20. Let m(w) = -3*s(w) - 8*x(w). Let q be m(-4). Calculate the greatest common divisor of q and 44.
4
Suppose 0*k = -k + 18. What is the highest common divisor of k and 18?
18
Let u = -14 - -94. Let k be 110/33*1*3. Calculate the highest common factor of u and k.
10
Suppose 2 + 2 = -w, -3*w = 2*t - 18. Let o = 31 + 14. Calculate the greatest common factor of t and o.
15
Suppose -14*b + 3705 + 2077 = 0. Calculate the greatest common divisor of b and 59.
59
Suppose -3*o = -2*m + 5, m + 2*m = -3*o. What is the highest common factor of 3 and m?
1
Let o = 24 + -4. Suppose -313*q - 700 = -320*q. Calculate the highest common factor of o and q.
20
Let t = 8 - 6. Suppose -2*f = -2*z - 60, -3*f + t*z + 66 = -24. What is the greatest common divisor of 45 and f?
15
Let p = 13 + -8. Let q = 27 + p. Calculate the greatest common divisor of 8 and q.
8
Let d(f) = 2*f**2 - 11*f - 22. Let o be d(10). What is the highest common divisor of o and 4?
4
Let s be 3/(-2)*2 - -6. Let f be 1 + (-3)/(s/(-14)). What is the greatest common factor of 45 and f?
15
Suppose 3*i + 2*s = 108, 5*i = 2*s + 116 + 64. Let u = -27 + i. Calculate the highest common divisor of u and 72.
9
Suppose -5*g + 6*g - 24 = 0. What is the highest common divisor of g and 96?
24
Let b = 21 + -3. Suppose 42 - 8 = -5*u + h, 0 = 4*h - 16. Let x be 3/(-9) + (-164)/u. What is the highest common divisor of b and x?
9
Let p = -15 + 55. What is the highest common divisor of 30 and p?
10
Suppose 4*a - 1 = -29. Let y = 13 + a. Calculate the highest common factor of y and 42.
6
Suppose 4*c + c = 225. Suppose u - 3 = c. Calculate the greatest common factor of 32 and u.
16
Let w be -4*(-2 - 0/(-3)). Calculate the greatest common divisor of w and 8.
8
Suppose 165 = 3*r + 2*r. Suppose 3*x + 2*x - 5 = 5*a, -x = -4*a + 5. Let s be 11/x + (-10)/15. What is the highest common divisor of s and r?
3
Suppose 0 = 5*g - 0 - 75. Let w be 154/10 - (-2)/(-5). Calculate the highest common factor of w and g.
15
Suppose -2*d + 408 = -2*q, d + 4*q = 3*d - 406. Calculate the highest common factor of d and 41.
41
Let q = -1 - -5. Let n = -3 + 5. Let m be ((-44)/(-2) - n)/1. Calculate the highest common divisor of m and q.
4
Suppose 5*d = d - 36. Let i(r) = r**2 + 8*r - 9. Let c be i(d). Suppose -3*v = 4*x + 7, 0 = -5*x - v - c + 5. What is the greatest common divisor of 2 and x?
2
Let j = 36 - 14. Let r be 3/(15/(-22)*(-5)/25). What is the greatest common factor of r and j?
22
Let w = -54 - -109. Suppose -2*t = 4*a - 31 - w, 2*a = -5*t + 63. What is the highest common factor of a and 114?
19
Let p(w) = -3*w + 1 + 2*w**2 - 3 + 5. Let k be p(3). Suppose -4*b = -4, 7*s + 2*b = 2*s + 302. What is the greatest common factor of s and k?
12
Let w = -1 - -26. Suppose 0 = v - 4*v + 825. What is the highest common divisor of v and w?
25
Let c(x) = -66*x**3 + x**2 + x. Let y be c(-1). Suppose 4*d = y + 34. Calculate the highest common factor of d and 5.
5
Suppose 0*q - q = -112. What is the highest common factor of q and 28?
28
Let p = 3 - -9. Calculate the highest common factor of 4 and p.
4
Let b = -17 + 29. Su